8 + 55 - (-37 + 2)?
51
What is the value of -37 + -32 + 71 - (-19 - -14)?
7
What is -40 + -2 + (32 - (16 - -11))?
-37
Evaluate 14 - (65 + -164 + 81).
32
Calculate -73 - (-18 + -1 + 40 + 0 + -26).
-68
5 + 2 + (-33 - -37) - -18
29
What is the value of (8 - (1 + 4)) + (22 + -10 + 1 - -115)?
131
Evaluate 0 + -25 + -83 + -60 + 148.
-20
-61 + (-3 - -20 - 26 - -32)
-38
-1 - -122 - ((-49 - -6) + 55)
109
Evaluate -1209 + 1210 + (1 - (53 + (4 - 4))).
-51
5 - (-14 + (30 - 21)) - -22
32
What is the value of 29 - (-41 + -14 + 75)?
9
Evaluate (2320 - 2361) + (0 - -61).
20
Calculate (1 - -22) + (75 - 101) - (0 + -30) - 2.
25
Evaluate (15 - (55 + -101)) + -22.
39
47 + (-121 - (12 - 64))
-22
Evaluate 71 + 87 + -158 - -77.
77
What is (-49 - -13) + (51 - 14)?
1
(16 - (-7 + -41)) + -80
-16
(-31 - -18) + 7 + -9 + 5 + 8
-2
(-16 - (1 + -1 + -1 - (-1 - -6))) + -1
-11
What is (-13 - (16 - 27)) + (106 - 70)?
34
What is 5 + (-11 - -67) + -1 + 15 + -10?
65
Calculate (-27 - 0) + -11 + -23 + -7 + 57.
-11
Calculate 64 + -32 + -143 + (-12 - -12).
-111
What is the value of -17 - -51 - 1 - (82 + -124)?
75
Evaluate -47 + (0 - -10 - (-5 - (-4 + -8))).
-44
Calculate 99 + -146 - (2 - 11).
-38
Calculate 41 - (27 - (18 - (-21 - -19))).
34
Calculate -12 + ((3 - 49) + 52 - 14).
-20
What is (32 - -6) + (-764 - -699)?
-27
Calculate 267 + -115 - (-9 + 28) - (1 - (2 - 16)).
118
Calculate -81 - ((-98 - -126) + (8 - 67)).
-50
Evaluate -7 + -18 + 57 + 10 - (-1 + 3 + 2).
38
Evaluate -37 + 9 + 51 + -52.
-29
23 - (152 - 19 - (4 + 4 + 2))
-100
What is the value of (-29 + 7 - (-12 - (-11 - -10))) + 55 + -1?
43
What is 14 - (3 + -10 + 11 + -24)?
34
Evaluate -23 + 46 + -18 - (1 - -2).
2
Calculate -21 - (2 - -1) - (12 - (-101 - -106)).
-31
What is the value of (5 - 7 - -28 - -5 - (-2 - 5)) + 1?
39
What is the value of -2 + (-2 - 13) - (14 - (149 + -126)) - -4?
-4
-68 + (491 - 461) + 1 + -16
-53
What is -45 + 50 - (4 + 4 + (7 - 3) + -4)?
-3
What is the value of 41 - (-42 + (27 - (9 + -4)))?
61
What is (-100 + 205 - 137) + 114?
82
What is 44 - (62 + -120 + 133)?
-31
What is the value of (-18 - (-22 + -9 + 18)) + (-17 - -10) + -33?
-45
110 + ((-42 - -21) + -22 - -29)
96
What is the value of -22 + -81 + -50 + 212?
59
What is -47 + 16 + (13 + -15 - 8) + 8?
-33
Evaluate 10 - ((23 - 6) + -37 - -9).
21
What is (-6 - (8 - -73)) + 63?
-24
(-18 - -12) + 32 + -44 - -17
-1
Calculate -89 + (41 - 0) + (163 - 160).
-45
What is the value of (-42 - -5) + (6 - 12) + -2 + -5 - 1?
-51
What is the value of (-3812 - -3823) + (-77 - 0) + 0 + 0?
-66
What is the value of 10 + -22 + 64 + -121?
-69
What is 63 + -121 + 5 + 5?
-48
What is -94 + -1 + (153 + -115 - 29)?
-86
What is (14 + -9 - 5) + -6 + -3 + (-6 - -7)?
-8
-1 - -10 - (-1 + (82 - (17 + 1)))
-54
((-122 - -32) + 3 - -40) + -46
-93
90 - (5 + 32 - (-202 - -220))
71
Calculate -117 + -95 + (-149 - -244).
-117
What is 24 + -2 + -5 + (-43 - (-62 - 18))?
54
Calculate (12 - ((-40 - (-31 - 6)) + (67 - -1))) + -2.
-55
Evaluate -150 - (17 + -25 - 78).
-64
What is the value of (26 - ((18 + -15 - 9) + 25)) + -120?
-113
Calculate (2 - -21) + 104 + -48 + -28.
51
-82 + 20 + -10 - (30 + -48)
-54
What is the value of 7 + (-33 - 3) + 49 + (2 - 19)?
3
Evaluate -17 - ((15 - (15 + 127)) + 12) - 1.
97
What is -22 + 53 + -25 + 0 - (-2 + 1 + 22)?
-15
Calculate 89 + (-123 - (0 + 84)).
-118
What is the value of -96 - (-61 + 3 + -65)?
27
Calculate 25 - (-21 - -21) - -25 - (3 - (0 + 9)).
56
What is -15 - (-5 + 0 + 3 - (64 - 77))?
-26
Calculate 7 + (25 - (82 + 0)) + 29.
-21
5 + -1 + (-4 - -28 - (16 - (2 + -1)))
13
-71 + -26 + 62 - (-1 - 13)
-21
2 + 1 - (-205 - -222) - (35 + -3) - -10
-36
Evaluate 2 - -23 - (16 - (-12 + 34)).
31
-3 + (-4 - 0) + (-30 - -26) - -6
-5
Evaluate 56 + (13 + -68 - -13).
14
Evaluate -95 + (-46 - -161) - -55.
75
(14 - (11 + -45) - 25) + 73
96
What is the value of -16 + (14 + -30 - -2) + -17?
-47
Evaluate -27 - ((-240 - -72) + 73).
68
Evaluate -53 + (-12 + 19 + 9 - -4 - 14).
-47
13 + (82 - 11) + -92
-8
What is -24 + 20 - (-2 - (47 + -9))?
36
Calculate -22 - (15 + -34 - -17 - -17 - 16).
-21
What is the value of 10 + (-6 + 1 - 17) + 7 - 36?
-41
10 + -1 + -1578 + 1544
-25
Evaluate 10 - 26 - (1 + 0) - -29.
12
What is the value of 514 + -335 + -55 + -1 + 12?
135
Calculate -6 - (60 + (-59 + 32 - -37)).
-76
What is the value of 11 + -9 + 8 - (-7 + -16 + 38 - -89)?
-94
What is the value of 115 + (4 + -2 - 27 - (-170 - -164))?
96
What is 2 + -231 + 3265 + -3163?
-127
What is the value of -3 + 1 - -20 - (-167 - -151)?
34
Calculate 15 + (-16 - (-39 + 32)) + -2 + 21.
25
What is -137 - -110 - (-3 + -2)?
-22
Evaluate -53 + 88 + -54 - (-1 + -1 - -5).
-22
What is the value of (-4 - (-1 - 1)) + (65 - (51 - -41)) - -4?
-25
Calculate 4 + (-22 + -7 - -21) - (11 - (0 - -1)).
-14
What is 31 + 23 - (-4 + (-3 - -4) - 3)?
60
67 + 0 - ((-21 - -19) + (40 - 27))
56
5 - -55 - (-12 + 13 - -3)
56
Calculate -7 + -15 + (54 - 2).
30
What is 31 - (-26 + (5 - -109))?
-57
Calculate 0 + 67 + (0 - 16) + (-1246 - -1262).
67
What is 24 - (0 - 7 - (102 + -108)) - (-2 + 1)?
26
Evaluate (-1 + 0 - (3 - (-1 + 4))) + (-3148 - -3167).
18
Evaluate -7 + (-8 - 5) + (-9 - (-5 - -1)).
-25
Calculate -5 + 0 + 229 + -197 + 13 + -1 - -1.
40
-62 + 48 + -83 + 51
-46
Calculate 4 - ((-9 - -15) + -8) - ((-16 - -2) + -59).
79
What is -2 + 2 + -1 - (90 + 26 + -186)?
69
96 - (34 + (4 - 34)) - (18 + -3)
77
Calculate (-3178 - -3116) + (20 - (-4 + 2)).
-40
What is (-51 - -45) + 6 + 23?
23
Calculate 35 + ((-19 - 29) + 11 - -2).
0
What is the value of 20 + (-64 - -7) + -101?
-138
6 + (-18 - (-22 - 6) - 23) - 42
-49
Evaluate 4 - ((-25 + 23 - -9) + -2 + -22).
21
-38 + -1 - (35 - (12 + (-40 - -68)))
-34
Evaluate -111 + 89 - (2 + -4 - -6).
-26
Evaluate -4 + -16 + (7 - -2) + -4 + (43 - 50).
-22
What is the value of 48 - ((77 - 92) + 5 + -3)?
61
What is the value of -25 + 19 + 66 + -8?
52
Evaluate -5358 + 5420 - (0 + 9).
53
What is 1 + -11 - ((-2 - -22) + -7 - (21 - 19))?
-21
What is 4 + 15 + -16 + -23?
-20
Calculate (35 - (-6 - -8)) + 1 + 65 + -71.
28
26 + -32 + 20 + 1 + -19 - 85
-89
What is the value of -19 - (-38 + (24 - -11 - 53))?
37
-6 + 0 + (-342 - -328) + 22
2
What is the value of ((4 - 1) + -17 - -13) + -87?
-88
What is the value of 1 - -25 - ((-17 - (-10 + -6)) + -12)?
39
Calculate 17 - (-4 + 4 + 0) - (-877 + 881).
13
What is the value of -5 - (-20 + -22) - 49?
-12
Calculate -687 - -667 - (0 + (7 - 3 - 7)).
-17
What is the value of 52 - (21 + (5 - -9) - 19)?
36
What is the value of -251 - -288 - ((4 - -6) + -35)?
62
Calculate (72 - (-1 - 1)) + -200 + 175.
49
What is the value of (-11 - (-15 - 4)) + -20 + -44?
-56
(44 + 10 + 19 + -62 - (-2 + -2)) + -162
-147
Evaluate -75 + -39 + 108 + (2 - -64).
60
What is the value of 12 - (2 - ((-19 - -7) + 5)) - -8?
11
Calculate -4 + (-2 - (2 + -11)) - (-112 - (-8 - 37)).
70
Calculate -3 - (82 + -41 + -5).
-39
1 - (-27 + 87 - (-24 + 38))
-45
What is the value of -1 - (-1 + -24 + -397 + 330)?
91
Calculate (2 - 45) + (-26 - (-12 + 4) - (-139 - -122)).
-44
What is -10 + 3 + -6 + 36 + (-6 - -4)?
21
What is (-29 - -6) + (55 - (21 - 12))?
23
Calculate -15448 - -15675 - (-2 - -76).
153
Evaluate -1 - -5 - ((6 - -1) + -28 + 136 + -136).
25
What is 32 + -5 + -17 + 1 - (2 + 0)?
9
Evaluate -12 - 1 - ((-2 - (4 - 1)) + 63 + -66).
-5
What is -24 - (28 - 20) - ((12 - 5) + -3 + -4)?
-32
What is the value of 208 + -203 + (-32 - (5 + -10))?
-22
What is the value of -6 + 5 + -2 + 11 + 52 + -2?
58
33 - ((-9 - -6 - -20 - 5) + -22)
43
What is 10 - (15 + 3 + (2 - 8) + (-287 - -280))?
5
What is 1576 + -1502 - (100 - 6)?
-20
Evaluate -14 + 69 - -10 - 114.
-49
Calculate 58 + (-110 - (-27 + -11)).
-14
Evaluate 100 - 4 - (-4 - (14 + (10 - 31) + 14)).
107
Calculate -13 + (-9 - ((3 - -3) + -12) - -31) + 66.
81
457 - (194 + 250) - (0 + -15 + 1)
27
What is -21 + 10 + (0 - -17) - 9?
-3
What is the value of -1 + 73 - (-4424 + 4447)?
49
Calculate -15 - (-258 - -276 - (3 - -64)).
34
Evaluate 44 + (-30 - (-82 - -56)).
40
What is 9 + 32 + -68 - -78?
51
What is (-21 + -2 + -21 - -2) + 21?
-21
9 - 0 - (13 + (-28 - (11 - (-1 - -26))))
10
What is the value of (26 - 53) + 118 - (11 - -2 - 6)?
84
What is the value of 0 + (-8 - -11) + -1 + -1 - (639 - 598)?
-40
Evaluate 73 + ((12 - 28) + -29 - -23).
51
Calculate -30 + 26 - 15 - 1.
-20
-17 + (9 + 